it of b(-4)?
6
Suppose 17*h = 12*h + 50. Suppose 5 = 3*i - h. Suppose -t + 1212 = i*t. What is the hundreds digit of t?
2
Let n = 4962 - 297. What is the units digit of n?
5
Suppose -2*d - f = -5732, 4*d - 11462 = f - 4*f. What is the units digit of d?
7
Let j = -454 + 469. Suppose 5*c + g = 3115, 2*g - j = 5*g. What is the units digit of c?
4
Let l(w) = 70*w**2 + 12*w + 20. What is the ten thousands digit of l(14)?
1
Suppose 13*h - 2420 = 8*h. Suppose 8*c - h - 1820 = 0. Suppose c = 3*b - 111. What is the hundreds digit of b?
1
Suppose 0 = -43*h + 206*h - 77721 - 1349018. What is the thousands digit of h?
8
Let g be 11/4 + (-21)/(-84). Let d(a) = -a**2 + 6*a - 7. Let h be d(g). Suppose 524 - 114 = h*y. What is the tens digit of y?
0
Let r(x) = -4*x - 17. Let c be r(-5). Let b(z) = z - 8. Let h be b(c). What is the units digit of (-4)/10 + 168*(-9)/h?
2
Suppose -282380 = -15*s + 72*s - 1592069. What is the ten thousands digit of s?
2
Let u = 88 - 51. Suppose j - 181 = u. What is the tens digit of j?
1
Suppose 5*o = 38*f - 41*f + 55528, 4*f = 4*o + 73984. What is the ten thousands digit of f?
1
Let q(h) = 18*h + 56. Let z be (-396)/(-96) - 4/32. What is the tens digit of q(z)?
2
Let r = 1373 - 1193. Let h = -25 + 37. Let o = r + h. What is the tens digit of o?
9
Let g be (-4)/(-10) - (-106)/10. Let u(b) = -12*b + 11. Let i(x) = -23*x + 21. Let k(f) = -3*i(f) + 5*u(f). What is the units digit of k(g)?
1
Suppose -5*t + 8924 = 3*h - 23300, -4*h + 8*t = -42936. What is the thousands digit of h?
0
What is the units digit of (-5)/((169/(-13884))/13)?
0
Suppose 2*i - 5 = -t + 8, 5*t - 35 = -4*i. Suppose k + 9483 = 5*b, 9495 = i*b - 3*k - 2*k. Suppose 0 = -14*p + b + 904. What is the hundreds digit of p?
2
Suppose -881*l + 880*l + 172 = 0. Let a be 2/((-6)/15)*-61. Suppose l = 3*h - a. What is the hundreds digit of h?
1
Suppose 15146 - 3351 = 5*l. Let d = l + -1518. What is the units digit of d?
1
Suppose -256*u = -3470790 - 5926458. What is the thousands digit of u?
6
Let u be 104/48 - (-5)/6. Let b(o) = 13*o**3 + 3*o**2 + o - 8. What is the tens digit of b(u)?
7
Suppose 3*q + 1 + 2 = 0, 0 = -4*h + q + 9. Let w(u) = 3*u**2 - 2*u - 5. Let k be w(h). Suppose k*n = 4*g - 28, g = 6*g + n - 54. What is the tens digit of g?
1
Let i = 52 - 51. Let s be 4/(-1) + 4 + i + 5. Suppose -2*l - n + 230 = 0, -5*l + 585 = s*n - n. What is the hundreds digit of l?
1
Let r(s) = -2*s**3 - 11*s**2 + 8*s + 12. Let d be r(-6). Let b = 56 + d. Suppose -10*j + 6*j + b = 0. What is the tens digit of j?
1
Suppose -54795 = -40*b + 274765. What is the tens digit of b?
3
Suppose i - 16*i + 2355 = 0. What is the units digit of i?
7
Suppose 656*i - 651*i - 19780 = 0. What is the units digit of i?
6
Let n = 96 + -94. What is the units digit of 1425/10 - n/4?
2
Let i be (-3)/(-6)*8 + 2. Suppose -915 = -i*s + 5985. What is the thousands digit of s?
1
Let s be ((-6)/4)/(3/(-4)). Let u(l) = 5*l**2 - s + 3 + 31*l - 29*l. What is the units digit of u(-1)?
4
Let o(q) = -15*q**3 - 15*q**2 - 189*q + 172. What is the units digit of o(-13)?
9
Suppose t - 3754 = p + 4212, 2*t - p = 15928. What is the tens digit of t?
6
Suppose -o + 211746 = 114*r - 110*r, -105872 = -2*r - o. What is the thousands digit of r?
2
Let d(l) = -l**2 - 3*l + 3. Let p be d(-4). What is the units digit of (2 + -761)*(16/(-12) - p)?
3
Suppose 2*y - c = -22 + 37, 3*y + 3*c = 0. Suppose 1826 - 243 = 3*v + r, -y*v - 4*r = -2636. What is the units digit of v?
8
Let y(z) = 138*z**3 - 3*z**2 - 20*z + 11. What is the thousands digit of y(6)?
9
Suppose -5*i - 6641 = 3*z - 41368, -6*i - 46290 = -4*z. What is the hundreds digit of z?
5
Suppose 0 = 14*w - 108051 + 31779. What is the thousands digit of w?
5
Let p(a) = 5*a + 57. Let i be p(-20). Let w = i - -199. What is the units digit of w?
6
Let b be (-13)/(78/(-888))*3/4. Let f = -91 + b. What is the tens digit of f/90 + 4118/18?
2
Let t(i) be the third derivative of -i**5/60 + i**4/8 + 152*i**3/3 + 2*i**2 - 4*i. What is the hundreds digit of t(0)?
3
Suppose -9585 = -5*n - 3*c, 3*n + 3835 = 5*n + c. Suppose -7*j + 4*z + 13565 = -0*z, 3*z - n = -j. What is the hundreds digit of j?
9
What is the thousands digit of 21364367/1004 - (-26)/(-8)?
1
Let m(x) = 3*x - 11. Let q be m(6). What is the units digit of (-1407)/(-9)*(-7)/(q/(-3))?
9
Suppose -5*v + 51438 = 2*s, 49*v + 5*s - 30878 = 46*v. What is the ten thousands digit of v?
1
Let q = 11580 - 3837. What is the thousands digit of q?
7
Suppose 0 = -2*d - 3*t + 82414, -d + 40401 = -t - 786. What is the hundreds digit of d?
1
Let a(m) = -m**2 + 46*m - 1. Let s(f) = 8*f + 100. Let y be s(-8). What is the units digit of a(y)?
9
Let o(n) = n**2 + 2. Let j be o(0). Suppose 0 = w + j - 194. What is the tens digit of (2/2)/(((-28)/w)/(-7))?
4
Suppose -815450 = 2*u - 11*u - 41*u. What is the thousands digit of u?
6
Suppose 10*n - 30 = 4*n. Suppose 4*j + 4*s = j + 581, -3*s = n*j - 972. Let m = j - -40. What is the units digit of m?
5
Suppose 87621 = 4*k - 5*v, 14*v = -3*k + 9*v + 65777. What is the ten thousands digit of k?
2
Let d(h) = -9*h**2 - 19*h + 50. Let z(p) = -4*p**2 - 10*p + 26. Let x(w) = -3*d(w) + 5*z(w). What is the hundreds digit of x(8)?
4
Suppose -4*q - q = -10. Suppose -s = -q*s + w + 9, 2*s - 2 = -2*w. Suppose -f + 96 = s. What is the tens digit of f?
9
Suppose -3*i = 0, 4*i + 62 = -4*l - 2. Let x = -38 - l. Let k = x + 64. What is the tens digit of k?
4
Suppose 0 = -5*o - 21 + 46. Suppose 14*m = 12*m - x + 779, 0 = -m - o*x + 385. What is the hundreds digit of m?
3
Let o be (-6)/9*(-36)/8. Suppose f - o*f = 0. Suppose 4*m = -f*m + 340. What is the tens digit of m?
8
What is the ten thousands digit of (386 - -2)/(1/33)?
1
Let f(m) = -m**3 + 11*m**2 - 3. Let j be f(11). Let s(c) = 38*c + 19. Let u be s(j). What is the units digit of (-10)/(-2 - u/50)?
0
Suppose 255020 = 4*k - 4*a, -5*k - a = -39512 - 279305. What is the units digit of k?
2
Let p be (-980)/15 - ((-2)/(-3) - 0). Let u be (-343)/3 + (-10)/15. Let h = p - u. What is the tens digit of h?
4
Suppose 0 = 4*h + 3*r - 11364, -5 = -r - 9. What is the hundreds digit of h?
8
Suppose 2*m = 2*s - 7624, -3*m - 118 + 139 = 0. What is the thousands digit of s?
3
Let f be (-6016)/(-141) - 2/(-6). Let b(q) = -q**3 + q**2 - 4*q + 4. Let x be b(-4). Let j = x - f. What is the tens digit of j?
5
Let v(x) = 570*x + 59. Let y(c) = 95*c + 10. Let u(f) = 6*v(f) - 39*y(f). What is the hundreds digit of u(-4)?
1
Suppose 0 = -2*k - 0*k + 4*b + 51510, 25779 = k - 5*b. What is the hundreds digit of k?
7
Let b = -59805 + 116734. What is the hundreds digit of b?
9
Let m = 22 + -20. Suppose -3*c + m*c = 0. Suppose c*t + 3*t = 144. What is the tens digit of t?
4
Suppose -10*x + 6*x = 24. Let a = -6 - x. Suppose a*i = i - 61. What is the tens digit of i?
6
Let i = -6 - -6. Suppose i = -35*a + 32*a + 6. What is the units digit of -2 + a - (1 - 115)?
4
Let i(y) = y**3 - 7*y**2 - 13*y + 6. Let f be i(9). Suppose f*c - 53*c + 10 = 0. Let q(k) = k**3 - 2*k**2 + 9*k - 6. What is the units digit of q(c)?
4
Suppose 11*y = y + 15080. Let l = -698 + y. What is the units digit of l?
0
Let y(k) = 72*k - 46. Let p(g) = -4*g + 9. Let i be p(0). What is the hundreds digit of y(i)?
6
Suppose 7*n = -3*f + 5*n - 576, -4*f = 3*n + 769. What is the units digit of (f/15 + 5)*-45?
5
Let q be (-16)/(-1)*(3 - -41). Suppose 5*r = 4*m - q, -4*r + 9*r = -20. Let t = m + -96. What is the units digit of t?
5
Suppose 0*r = 2*r - 6. Suppose 2*l = 2*y + 110, -r*l - l = -y - 235. What is the units digit of (510/l)/((-1)/(-28))?
8
Let h(v) = v**3 - 12*v**2 + 23*v + 11. Let g be h(10). Suppose 0 = 97*j - 96*j - g. What is the tens digit of 6/5*(-1 + j)?
4
Let i = -6 - -27. Let d(z) = 9 - 8 + i + 5*z. What is the tens digit of d(7)?
5
Suppose 26*u - 9414 = 8*u. Suppose u = 5*s - 4752. What is the tens digit of s?
5
Let m be 550/14 + -2*1/7. Let k = -45 + m. What is the units digit of 4*k/(-4)*(-38)/(-4)?
7
Suppose 4*y + 3*f + 25 = -y, -5*f - 21 = -2*y. Suppose -5*z - 27 = 3*i, -3*z - 27 = 3*i - 6. What is the units digit of 248/6*z/y?
2
Let h be ((-78)/(-52))/(9/12). Suppose 0 = -h*z - 2*w + 1966, 3*w = 26*z - 21*z - 4907. What is the units digit of z?
2
Let f = 182 + -125. Suppose -3*u + 113 = 4*j, -9*u - f = -j - 4*u. What 